- 8*z - 20. Let a be q(-10). Let d = a + 127. What is the tens digit of d?
8
Suppose -2907 = 4*z - 6111. What is the units digit of z?
1
Let q(p) = -p**2 - 4*p + 3. Let c be q(-6). Suppose -42*r - 85 = -47*r. Let l = r + c. What is the units digit of l?
8
Let l(r) = r**2 - 15*r - 18. Let j = -32 - -23. What is the units digit of l(j)?
8
Suppose -5*z + 17 - 32 = 0. What is the units digit of (-85)/((-12)/3 - z)?
5
Let z = 26 - 14. Let t(l) be the second derivative of l**5/20 - 13*l**4/12 + 11*l**3/6 + 13*l**2/2 + 7*l. What is the units digit of t(z)?
1
Let q = 344 - 240. Let y = q + 4. What is the tens digit of y?
0
Suppose 4*s + 4*b - 1268 = 0, 3*s - b - 353 = 614. What is the hundreds digit of s?
3
Suppose -3*i - 4*l + 313 = -798, -5*i = -3*l - 1900. Let y = i + -119. What is the units digit of y?
8
Let l(h) = -h + 4. Let a be l(2). Suppose -3*m + 222 = -4*g, a*m + 0*g - 149 = 3*g. Let b = -41 + m. What is the units digit of b?
9
Let o = 3 - 2. Suppose 2*x - 5 = -v, -4*x + 3*v = -8 + 3. What is the units digit of x + (o - 3) + 13?
3
Let w be (-1)/(-2)*0/2. Suppose 9*n - 11*n = -1054. What is the units digit of (-1 - w)/((-17)/n)?
1
Let k = -22 - -25. Suppose 3 = -3*m - k. What is the units digit of -7*14/m - 3?
6
What is the tens digit of (3/5)/((-9)/(-10215))?
8
Suppose 144 + 183 = -3*y. Suppose 5*m + 154 = 3*m. Let u = m - y. What is the tens digit of u?
3
Let m be 2 + (-72)/33 + (-14)/(-77). Suppose -5*k - 4*l + 503 = m, -k + 3*l - 7*l = -91. What is the hundreds digit of k?
1
What is the units digit of (-3 - -2) + (-5 - -3) - -488?
5
What is the units digit of (-12486)/(-6) - 1/(1/(-6))?
7
What is the hundreds digit of (-3)/((-108)/172308) - (-10)/6?
7
Suppose -6*l = -3*l. Suppose 7*f + 20 = 3*f - 5*s, -f + 2*s + 8 = l. Suppose f = -19*r + 20*r - 8. What is the units digit of r?
8
Suppose 0 = -8*h + 9*h - 369. Let o = h - 258. What is the tens digit of o?
1
Let o(p) = 4*p**2 - 12*p + 10. Suppose 3*c - 2*t - 3 = 20, 0 = 5*c + 4*t - 9. What is the tens digit of o(c)?
5
Suppose -345 + 5721 = 12*s. What is the units digit of (s/80)/((-2)/(-10))?
8
Let h be (-4)/(12/(-15))*1. Suppose -16 - 4 = -h*g. Suppose -13 = -g*k + 31. What is the units digit of k?
1
Let f be ((-20)/(-4))/5 + 4. Let c = f - 5. Suppose 4*v = -2*p + 308, -5*v + c*p = 5*p - 375. What is the tens digit of v?
7
Suppose -j = -13 + 8. Suppose 2*o - 5*t - 8 = 16, 0 = -j*o - 4*t + 93. What is the units digit of o?
7
Suppose -4563 - 5793 = -12*a. What is the hundreds digit of a?
8
Suppose -2*k + 4*k - 8 = 0. Suppose 5*v - k*g - 591 = 0, 4*v = -g + 116 + 340. What is the hundreds digit of v?
1
Let x be (2 + -4)/(-1) - (1 + -69). Suppose 0 = 3*c + 3*n - 228, -x = 3*c - 5*n - 314. What is the tens digit of c?
7
Let k be (9/4)/(16/64). Let z(c) = -2 + 9*c**2 - c**3 + k - 6 - 9*c + 8. What is the units digit of z(8)?
1
Let j be (-56)/252 - 2110/(-18). Suppose -j = 3*r - 348. What is the units digit of r?
7
Let s = 57 + -54. Suppose 4*k - s*k + 26 = 4*o, -22 = -4*o + 3*k. What is the units digit of o?
7
Suppose -6*y = 5*y - 3795. What is the hundreds digit of y?
3
Suppose -92*t - 846 = -98*t. What is the tens digit of t?
4
Suppose 0 = 13*a - 12*a. Suppose a*d - 22 = -d. What is the tens digit of (-10)/55 - (-818)/d?
3
Let x(w) = -3*w + 5*w + 2*w + 7. Let f be x(-2). Let o = f - -7. What is the units digit of o?
6
Suppose 0*h = -2*h + 142. What is the units digit of (h - 3) + -1*4?
4
Let y = -221 + 3045. What is the thousands digit of y?
2
Let w(d) = -17*d + 22. Let t be w(-10). Suppose -8*s + t = -4*s. What is the tens digit of s?
4
Suppose 4 = -y, -n + 3*y = -5*n - 12. Suppose 3*q = -42 - n. Let t = -7 - q. What is the units digit of t?
7
Suppose 17*q = 9*q + 1168. What is the hundreds digit of q?
1
Suppose 3*x - 1038 = -5*p + 1307, -p + 456 = -2*x. What is the hundreds digit of p?
4
Let l = 7 - 4. Let g = 6 + 0. Let t = l + g. What is the units digit of t?
9
Let k(u) = 45*u**2 + 23*u - 176. What is the hundreds digit of k(6)?
5
Let m be ((-4)/10)/((-3)/(-15)). What is the units digit of m/(-7) - (-2680)/28?
6
Let x(f) = -f**2 + 6*f + 7. Let y be x(7). Suppose 0 = -5*r - y*l + 4*l + 189, 115 = 3*r - 2*l. What is the units digit of r?
1
Suppose -5*o - 4*b + 45 = 10, -4*b = -20. Let u(g) = o - 6 + g**2 - 3. What is the tens digit of u(-5)?
1
Suppose -2*m + 2 = -2. Suppose 0*w = 2*w - 8. Suppose -w*t + 3*g = -m*g - 152, 0 = -t + 5*g + 38. What is the tens digit of t?
3
Suppose -5*t + 13295 = 2*i, 3*i - 13295 = -10*t + 5*t. What is the tens digit of t?
5
Suppose -3*n + 170 = -n. Suppose n = 3*m - 2. What is the units digit of m?
9
Let u(h) = 2 - h**2 + 9 + 1 + 6*h - 3. Let x be u(7). Suppose 64 - 16 = x*t. What is the tens digit of t?
2
Let a(x) = -157*x - 154. What is the hundreds digit of a(-15)?
2
Suppose 0 = 23*j - 5*j - 37368. What is the thousands digit of j?
2
Suppose -10 = x - 3*u, 0 = -4*x - x - 5*u + 30. Suppose 220 = 4*f - 5*v, 5*f - x*v = -0*v + 275. What is the tens digit of -2 - (1 + f)/(-2)?
2
Let v = 397 + -177. What is the hundreds digit of v?
2
Let j = -275 + 274. Let h(q) = 17*q**2 - q - 1. Let r(w) = -33*w**2 + 2*w + 2. Let v(s) = 13*h(s) + 6*r(s). What is the units digit of v(j)?
3
Suppose -2*s = 4*k + 24, 5*k - 5*s = -s - 30. Let b be ((-2)/k)/(1/12). What is the tens digit of 876/16 + 1/b?
5
Suppose -32 = -10*v + 78. Let y = v + 26. What is the units digit of y?
7
Suppose -6*y - 352 = -1708. What is the tens digit of y?
2
Suppose -1599 = -7*f + 2930. What is the tens digit of f?
4
Let z = 18 + -15. Let c be 97/z + (-7)/21. What is the tens digit of (-3 - -4)*-2 + c?
3
Suppose 3*i - 75 = 4*s - 3*s, 3*i = -4*s + 90. Let f = i + 35. What is the tens digit of f?
6
Let y(g) = 2*g**2 - 4*g - 15. Let r be y(-4). Suppose 2*q - 75 + r = 0. What is the tens digit of q?
2
Suppose 42*l - 14980 = 14*l. What is the units digit of l?
5
Let g(s) = -s + 6. Let u be g(-2). Suppose -185 = 3*p - u*p. What is the units digit of p?
7
Let z be (-12)/(-30) - (-1 + (-22)/(-5)). What is the tens digit of z/(-2*(-5)/(-190))?
5
Suppose -2*v = -8, w + 4*w - 3*v + 32 = 0. Let y(b) = 4*b**2 + 6*b. Let i be y(w). Let a = i - 23. What is the units digit of a?
7
Let f(a) = -3 - 4 + 2*a + 0 + 0. Suppose 2*x + 5*i = i - 4, 0 = i + 3. What is the units digit of f(x)?
1
Let o(q) = 38*q + 4023. What is the units digit of o(0)?
3
Let v = 7 + -35. Let p = v + 39. Suppose -p*r + 180 = -8*r. What is the units digit of r?
0
Let k(t) = -22*t**3 + 3*t**2 + 3*t - 6. What is the hundreds digit of k(-3)?
6
Let d = -9 - -498. What is the hundreds digit of d?
4
Let c be (-40)/30*-6*1. What is the tens digit of (-3*c/36)/((-4)/510)?
8
Let r(f) = -5*f**3 - 5*f**2 + 54*f - 31. What is the hundreds digit of r(-11)?
4
Suppose 9 = m + 3*u, -2*m + 3*u - 9 = 3*m. Suppose m = 2*f - 4*k - 76, 5*k = 3*f + k - 108. What is the tens digit of f?
3
Suppose 0 = -7*d + 4*d - 192. Let f = d - -92. What is the units digit of 1/4 + 777/f?
8
Let f(h) = h - 2. Let a be f(0). Let k = a - -2. Suppose -l = -k*l - 20. What is the units digit of l?
0
What is the units digit of (1 + (-5)/7)/((-14)/(-4606))?
4
Suppose 0 = -7*s - 0*s - 84. What is the units digit of s/(-14)*(560/(-24))/(-5)?
4
Let k = -1910 - -4342. What is the thousands digit of k?
2
Suppose -28 = 3*l + 4*l. Let r be 2*l/(-8) - -50. Suppose 2*f - r = 15. What is the units digit of f?
3
What is the hundreds digit of (-7260)/(-50)*(-20)/(-6)?
4
Suppose 29*a + 33120 = 75*a. What is the units digit of a?
0
Let y(o) = -o**2 + 8*o - 16. Let g be y(9). Let w = -22 - g. What is the units digit of w?
3
Let v be (50/15)/((-2)/(-3)). Suppose -29 + 4 = -2*y + 3*x, -x = -v*y + 30. Suppose 79 - 224 = -y*s. What is the units digit of s?
9
Let w(p) be the third derivative of -3*p**2 - 1/60*p**5 + 1/2*p**3 + 0*p + 0 - 1/3*p**4. What is the tens digit of w(-7)?
1
Let p be 91 + 6/(-21) + (-2)/(-7). Suppose 4*u - p = -v, -2*u + 434 = -2*v + 6*v. What is the units digit of v?
1
Suppose 0 = -4*i + 4*h + 2100, -4*i + 2230 - 157 = 5*h. What is the units digit of i?
2
Suppose -5 = 4*v + 19. What is the units digit of v/(-9) + 82/3?
8
Let f(a) = -2*a**2 - 7 - 4*a + 2*a**2 + a**2 + 12*a. Let v be -2*(-1 - -2) + -8. What is the tens digit of f(v)?
1
Suppose q - 7 + 5 = 0. Let i(o) = 2*o**3 - 2*o**2 - 3